re the prime factors of g?
2, 11
What are the prime factors of (-3 + 359)/((-16)/(-40))?
2, 5, 89
Suppose 1464 = -4*x + 404. Let g = -129 - x. What are the prime factors of g/10 - (-33)/(-55)?
13
Suppose 21 = -4*f - 83. Let s = f + 28. Let q = 44 + s. List the prime factors of q.
2, 23
Let f be 3 + -1 + (-3 - -2). Let l(d) be the first derivative of 39*d**2/2 - d + 15. What are the prime factors of l(f)?
2, 19
List the prime factors of -3*((-9)/3 - -4) + 888.
3, 5, 59
Suppose -4*w + 3*t + 293 = 0, -4*w + 412 = -2*t + 118. What are the prime factors of w?
2, 37
Let t(u) = 8*u**3 - u**2 + 3*u - 1. Let k = -13 - -15. Let y be t(k). Let x = -31 + y. List the prime factors of x.
2, 17
Suppose 5*s - 6469 = -2*n, 6*s - s - 4*n - 6487 = 0. Suppose 149 = -6*t + s. What are the prime factors of t?
191
Let z be 6*(1 - (-312)/(-9)). Let q = -128 - z. List the prime factors of q.
2, 37
Suppose -432 = -3*i - 4*f + 13, -5*i = 2*f - 723. Suppose 3*w - 350 = -i. What are the prime factors of w?
3, 23
Let z = 10 + -6. Suppose -z*m = -6*m + 12. Suppose 16 - m = i. List the prime factors of i.
2, 5
Suppose -4*j + j + 15 = 0. Suppose -4*f = -0*f + j*c + 16, -f + 4*c = 4. List the prime factors of (-108)/f*8/6.
2, 3
Suppose 768 + 256 = 8*a. Let c = a - 37. What are the prime factors of c?
7, 13
Let h(g) = -g - 3. Let x be h(-3). Let l(b) = b**3 - b - 216. Let k be l(x). List the prime factors of 1*k/(0 + -4).
2, 3
Let p be 0/2 - (2 - 1). Let x be (p - (-1 + 0)) + 107. Suppose -x = -3*l + 4*f, -3*f - f = -l + 49. List the prime factors of l.
29
Let w(p) = 3*p - 3. Let u be w(2). Suppose -j - u*j = -32. List the prime factors of 8/4*60/j.
3, 5
Let d be (-8)/(-12)*(-18)/4. Let u = 9 + d. Suppose 4*q - r - u = 2, 0 = -q + 4*r + 2. List the prime factors of q.
2
Suppose c - 163 = -4*t, 2*t = 6*t - 8. Suppose -3*j = -46 - c. Suppose 4*r - 17 = j. List the prime factors of r.
3, 7
Let j = 1 - 1. Let t(y) = 3 + j*y**3 + 7*y**2 + 4*y - y**3 - y + 4. What are the prime factors of t(5)?
2, 3
Suppose -3*y + 14 = -2*y. Let w(q) = q**2 - 15*q + 14. Let u be w(y). Suppose 2*h + u*h + m - 125 = 0, -m = -3. List the prime factors of h.
61
Let h(o) = -o**3 - 13*o**2 - 8*o + 21. Let f(y) = 3*y**2 + 2*y - 5. Let m(b) = -18*f(b) - 4*h(b). List the prime factors of m(3).
2, 3, 7
Let a be 1/4 + (-49)/4. Suppose -5*t + 30 = -8*t. Let y = t - a. List the prime factors of y.
2
Let q = 7948 - 5239. List the prime factors of q.
3, 7, 43
What are the prime factors of 2/(-4) - 5028/(-24)?
11, 19
Suppose -725 = -3*j - 182. What are the prime factors of j?
181
Suppose 0 = -4*o - 12, 11235 = -3*q + 7*q - o. What are the prime factors of q?
2, 3, 13
Let a = -20 - -38. What are the prime factors of 4/a + 646/9?
2, 3
Let t be 5/((3/3)/1). Suppose 7 = p - 3*w - 10, 0 = -t*p + 4*w + 41. Suppose -2*q + 38 = p*l + 6, -3*q + 71 = -4*l. List the prime factors of q.
3, 7
Let r(g) = -g**3 + 20*g**2 + 14*g - 106. What are the prime factors of r(14)?
2, 3, 211
Suppose -5*n + n + 1100 = 0. Let j = n + -195. Suppose a - 3*a + j = 0. List the prime factors of a.
2, 5
Let f(d) = d**2 - d - 8. What are the prime factors of f(22)?
2, 227
Suppose 5*q - 28*q + 4554 = 0. Let t = -3 + q. What are the prime factors of t?
3, 5, 13
Suppose 4*h + 5*m - 6162 = 0, 2*m + 0 + 4 = 0. List the prime factors of h.
1543
Suppose 8*v - g - 1 = 4*v, v + 11 = -2*g. Let m be -47 + v + (1 - 1). Let d = m + 81. What are the prime factors of d?
3, 11
Let h(g) = -g**3 - 7*g**2 + 6*g - 3. Let j be h(-8). Suppose 2*r = 2*c + 7*r - 11, 5*c - 2*r = j. List the prime factors of c.
3
Suppose -5*g + 882 = -3*w, 2*w - 255 = 5*g - 1133. Suppose -2*v = -5*v + g. What are the prime factors of v?
2, 29
Let n(d) = -d**2 + 12*d + 16. Let k be n(13). Let l be k + 7 - 4/4. Suppose l = v - 14. List the prime factors of v.
23
Let t(u) = -2*u**3 - 27*u**2 - 36*u - 58. What are the prime factors of t(-13)?
241
Let x be 8/(1 + 1) - 2. Suppose 3*n + 3*k + x*k - 249 = 0, -5*k = -5*n + 375. What are the prime factors of n?
2, 3, 13
Suppose 0 = -5*c - 2*a + 122, -2*c + 2*a + 86 = c. Let z(q) = -16*q - 25. Let h be z(-4). What are the prime factors of 696/h - (-4)/c?
2, 3
What are the prime factors of ((-3)/(-6))/(5/570)?
3, 19
Suppose -28*l = -19*l - 52353. List the prime factors of l.
3, 7, 277
Let l(s) = s**3 + 13*s**2 + 10*s - 14. Let v(u) = -u + 11. Let o be v(9). Suppose -o*c - 17 = 7. What are the prime factors of l(c)?
2, 5
Let o(z) = -25*z - 1. What are the prime factors of o(-7)?
2, 3, 29
Suppose 43*d - 45*d = -1840. What are the prime factors of d?
2, 5, 23
Suppose 5*l - 7*n = -2*n + 225, 5*l - 235 = -5*n. Let i = 299 + -327. Let o = i + l. List the prime factors of o.
2, 3
Suppose -8*o = -12*o + 24. Let z(x) = 14*x. What are the prime factors of z(o)?
2, 3, 7
Let b(d) be the first derivative of 3*d**2/2 + 6*d - 9. List the prime factors of b(5).
3, 7
Suppose -3*t + f - 1445 = 0, 4*f + 1932 = 2*t - 6*t. Let a = -323 - t. List the prime factors of a.
3, 53
Suppose 21 + 11 = -4*o. Let k = o - -31. What are the prime factors of k?
23
Suppose -3*o + 0 = -3*u + 12, -2 = -2*u - o. Suppose 0 = -2*r + 8, 172 = u*t + 3*r + 2*r. Suppose -6*w + t = -4*w. List the prime factors of w.
2, 19
Suppose 0 = 119*j - 131*j + 9396. List the prime factors of j.
3, 29
List the prime factors of (-5692)/(-10) - 12*(-12)/(-720).
569
Let s = -1 + 3. Suppose -5*k + s*d - 1728 = 0, 2*k - 4*d + 700 = -d. List the prime factors of (1/(-1))/(8/k).
43
Let d(s) = -s**3 + 7*s**2 + s - 2. Let q be d(7). Suppose -q*z = -y + 2*y - 34, 0 = -4*z + y + 29. Let j = 30 - z. What are the prime factors of j?
23
Let o be 3/(-6)*(-2 + 2). Suppose h + 2*w - 981 = -2*h, o = h - 4*w - 327. What are the prime factors of h?
3, 109
Let b(g) = g - 2. Let d be b(-3). What are the prime factors of 50*(-13)/(-4) - d/(-10)?
2, 3
Let z be ((-10)/8)/((-2)/8). Suppose z*l - 2*l = 6. List the prime factors of 0 - (-15)/6*l.
5
Suppose -42*c + 31*c + 8778 = 0. What are the prime factors of c?
2, 3, 7, 19
Suppose 2*a - 12 - 31 = f, -5*f = 5. Let c = a + -25. What are the prime factors of (-525)/(-18) + c/24?
29
Suppose -2*d = f - 1196, -5*d = f + f - 2389. What are the prime factors of f?
2, 601
Let v be (25/10)/((-3)/(-24)*4). Suppose 0 = -v*w + 809 - 189. What are the prime factors of w?
2, 31
Let d be (36/(-4))/(9/6). Let w be 2 - 2/4*d. Suppose w*c = 21 + 19. What are the prime factors of c?
2
Let r(u) = 2*u**2 - 22*u + 94. List the prime factors of r(-23).
2, 829
Let a(x) = 481*x - 322. What are the prime factors of a(11)?
4969
Let x(h) = 233*h**2 - 7*h + 13. What are the prime factors of x(2)?
7, 19
Suppose 0 = 4*r + 4, 3*n - 2*r = 2*r + 199. Let p = n + -46. List the prime factors of p.
19
Let b = -108 - -114. List the prime factors of b.
2, 3
List the prime factors of 2/4*8133*(-8)/(-12).
2711
Suppose -h - 96 = -q, 2*h = -5*q + q + 366. Let c = q + -56. List the prime factors of c.
37
Suppose -34*m + 15359 = -4599. List the prime factors of m.
587
Let n(l) = 17*l**3 + l**2 - 1. Let t be n(-1). Let g be t*(1 + -5) + -2. What are the prime factors of (-2)/(3/(g/(-4)))?
11
Let x = 372 + -401. Let n = -106 + 180. Let w = n + x. What are the prime factors of w?
3, 5
Suppose 0 = -s + 5, 5*c + s = 10. Suppose 3 - 13 = 4*h + 2*l, 3*h + l + 6 = 0. List the prime factors of h/(1/(-11)) + c.
2, 3
Let t = 1480 - -2235. List the prime factors of t.
5, 743
Suppose 3*c + 1 = 4*w - 2, 5*c = 5*w. Suppose w*o = 2*p - 10 + 71, 4*o + 3 = -p. Let s = p + 50. What are the prime factors of s?
3
Let m be 11 + -3 + 4 + -6. Suppose 0 = m*r - 9*r + 96. Suppose -12 = -l + r. What are the prime factors of l?
2, 11
Let j(t) = 3*t**2 - 2*t - 4. Let p be j(-6). Suppose 4*w = 0, 3*w + p = 2*y - y. What are the prime factors of y?
2, 29
Let h(w) = 2*w**2 + 24*w + 81. List the prime factors of h(-25).
17, 43
Suppose -x + 3*x = 6. Suppose 0 = x*c - 7 - 8. Suppose -4*q + w + 16 = -3*w, -c*w = 2*q - 43. List the prime factors of q.
3
Suppose 14*u - 32660 + 8090 = 0. What are the prime factors of u?
3, 5, 13
Suppose 0 = 5*x - 2*x - 213. Suppose 0*z - 34 = -z + 3*n, n - x = -4*z. List the prime factors of z.
19
Let m = 2122 + 2367. What are the prime factors of m?
67
Let t(o) = -o**3 - o + 130. Let p be t(0). Let i = -57 + p. What are the prime 